) = 8*p + 9 - p**2 + 6*p - 5*p. What are the prime factors of z(7)?
23
Let r(g) = 72*g**2 + 2*g - 2. What are the prime factors of r(1)?
2, 3
Suppose 4*c - 3*i - 13 = 0, 6 = c - 0*c + 2*i. Suppose c*r = -0*r. What are the prime factors of (r + -2)*(-18)/4?
3
Let q(f) = -f - 1. Let j be q(2). Let b be (-30)/(-2)*(-1)/j. Suppose 0 = -b*w + 2*w + 24. List the prime factors of w.
2
Suppose 2*g + 4*q = -2*g + 8, 2 = g + 4*q. Suppose -l = -20 + g. List the prime factors of l.
2, 3
Let z = 0 - 3. Let u be ((-4)/z)/((-6)/(-90)). Suppose 9*k = 4*k + u. What are the prime factors of k?
2
Suppose 4*c - 47 = -k, 3*k + 38 - 151 = -5*c. What are the prime factors of k?
31
Let o = 12 + -4. Let s be (o/2)/(2 - 1). Suppose -6 - 10 = -s*i. List the prime factors of i.
2
Let o(g) = -g**3 + 10*g**2 + 13*g - 4. Let b be -4*(-2)/((-24)/(-33)). List the prime factors of o(b).
2, 3
Suppose -46 = -2*i + 6. Suppose 0 = o + o - i. List the prime factors of o.
13
Let f be (-5)/(-15) - (-2)/3. Let t be 2*(-1)/f - -8. List the prime factors of (-8)/(t/(-9) - 0).
2, 3
Suppose -5*s + 159 = -256. List the prime factors of s.
83
Let w be (-7 + 9)*1*4. Let m(u) = -u**2 + 7*u + 9. Let g be m(w). Let q(i) = 4*i**3 - 2*i**2 + 1. What are the prime factors of q(g)?
3
Suppose 5*v = 48 + 12. Suppose v = -2*r + 6*r. Suppose 5*k - 48 = -c, -r*k + 3*c = 5*c - 26. List the prime factors of k.
2, 5
Let t = -75 + 277. List the prime factors of t.
2, 101
Let k = -51 + 131. List the prime factors of k.
2, 5
Let w(s) = 2*s**3 - 15*s - 8. Let d(r) = -r**3 + 8*r + 4. Let q(m) = -5*d(m) - 3*w(m). What are the prime factors of q(-3)?
2
Suppose -2 = q - 4. Suppose 0*v - 2*u - 25 = -3*v, 2*u + 16 = q*v. List the prime factors of v.
3
Let p(h) = -41*h - 1. Let o be p(-1). Suppose 3*y - 3*v - 72 = 0, -y = -2*v - 3*v - o. What are the prime factors of y?
2, 5
Suppose -16 + 307 = 3*u. List the prime factors of u.
97
Let d = 15 + -21. What are the prime factors of d/21 + (-258)/(-21)?
2, 3
Let l be ((-112)/6)/((-4)/12). Suppose 2*v - 59 = -5*p, 0*p + 3*v = -5*p + l. List the prime factors of p.
13
Let y be (15/(-2))/((-9)/(-12)). Let f = 14 + y. List the prime factors of 11*(f - (6 - 3)).
11
Suppose 2*g + 73 = 15. Let t = 46 + g. What are the prime factors of t?
17
Let w = -2 + 2. Suppose 5*g + 7 - 32 = w. What are the prime factors of g?
5
Let c(h) = h**2 + 3*h**2 - 5*h**2 - 8*h - 2. What are the prime factors of c(-3)?
13
Let b(d) = -25*d - 2. What are the prime factors of b(-2)?
2, 3
Suppose -s - 4*k = s - 174, 0 = 3*s - 5*k - 316. List the prime factors of s.
97
Suppose -3*w - 6 - 75 = 0. Let x = w + 45. What are the prime factors of x?
2, 3
Let g(w) = -56 + 56 - 3*w - 4*w. Suppose 0*j + 2 = -2*j. List the prime factors of g(j).
7
Let x(c) = -5*c + 5. Let i be x(-3). Suppose -6*b - 16 = -4*b. Let f = b + i. What are the prime factors of f?
2, 3
Suppose a + 3 = x - 4, -3*x + 5*a + 25 = 0. What are the prime factors of x?
5
Let l = 11 - -25. What are the prime factors of l?
2, 3
Let f(k) be the first derivative of -k**4/4 + 10*k**3/3 + 12*k + 4. List the prime factors of f(10).
2, 3
Let z(n) = 8*n - 2. What are the prime factors of z(1)?
2, 3
Let l(q) = -9*q - 4. Let k be (3/(-5))/(4/20). List the prime factors of l(k).
23
Let h(v) = -v**2 + v - 2. Suppose 4*r = 3 + 5. Let u be h(r). What are the prime factors of 2 + (1 - u - 2)?
5
Let l(x) = 3*x - 4. Let d be 4 + 3*4/6. List the prime factors of l(d).
2, 7
Suppose -4 = 2*h - h. Let w = h + 4. Let g = 8 - w. What are the prime factors of g?
2
Let o(a) = a**2 - 11*a - 12. Let b be o(12). Suppose 5*c - 7 - 38 = b. Let x(y) = 2*y - 4. What are the prime factors of x(c)?
2, 7
List the prime factors of (216/(-60))/(1 + 446/(-440)).
2, 3, 11
Suppose -2*o - 1084 = -4*k, -280 = -3*k + 2*k - 4*o. List the prime factors of k.
2, 17
Suppose 2*h - 19 + 7 = 0. Suppose x - h = 4. List the prime factors of x.
2, 5
Let k = 95 + -76. What are the prime factors of k?
19
Let b(j) be the second derivative of j**5/20 - j**3/3 + j**2 + 5*j. Let k = 4 - 2. What are the prime factors of b(k)?
2, 3
List the prime factors of (105 - -1)/(2 + 0 + 0).
53
Let c(i) = i - 3. Let r be c(2). Let o(h) = h**3 + 3*h**2 - 10*h - 3. Let w(f) = f**2 - f - 1. Let l(s) = r*o(s) + 5*w(s). List the prime factors of l(3).
2
Suppose 4*h + f - 1028 = 0, 5*h + f - 1292 = -2*f. What are the prime factors of h?
2
Let f = -36 + 52. List the prime factors of f.
2
Let k be 0 - (-2 - (-2 + 2)). Suppose -k*n + 7 + 18 = 5*r, 4*r - 27 = -3*n. List the prime factors of r.
3
Let t = 38 - 7. What are the prime factors of t?
31
Let n = 2 - 0. Suppose -n*g - g + 12 = 0. List the prime factors of g.
2
What are the prime factors of (72/4)/6 - 18/(-2)?
2, 3
Let w(t) = t + 4. Let i be w(-4). Suppose 2*n + 3*g + 9 = i, 4*n = -3*g - 5 - 28. Let p = n - -20. What are the prime factors of p?
2
Let s(a) = -a + 4. Suppose 2*c - 13 = 3*c. What are the prime factors of s(c)?
17
Suppose -3*u - 8 = -50. Suppose -b = u - 0. Let k = 26 + b. List the prime factors of k.
2, 3
Suppose -2*t + 150 = h, h = 3*h + 5*t - 297. Suppose 2*l = -2*l + h. What are the prime factors of l?
3, 13
Let j = -439 + 677. Let b = -164 + j. What are the prime factors of b/6 + 2/3?
13
Suppose g + 21 = -5*q, -5*g - 3*q - 134 = -7*q. Let k = g - -42. What are the prime factors of k?
2
Let o be 6/(-15) - 69/15. Let l = -7 - o. List the prime factors of 2/l - (-4 - 8).
11
Let b be (-2)/(4 + (-120)/28). Suppose 0*a = -a + b. List the prime factors of a.
7
Suppose -3 = -k + 5*a + 13, 3*a + 3 = 0. Suppose 12 = 2*l + 10. Let c = k - l. What are the prime factors of c?
2, 5
Let p(t) = 2*t - 2. Suppose -2*f - 1 - 3 = 0. Let k be f/((0 + -1)/3). What are the prime factors of p(k)?
2, 5
Suppose -24 = -2*t + 5*t. Let m(r) = -r**3 - 9*r**2 - 11*r - 12. What are the prime factors of m(t)?
2, 3
Suppose -11*p + 2508 = 44. List the prime factors of p.
2, 7
Let g be (-16)/(-10)*35/14. Suppose 7*m = g*m + 129. What are the prime factors of m?
43
Let o be (2/(-3) - 0)*-24. List the prime factors of (-1)/(3 - 50/o).
2
Let m = 2 + -2. Suppose m*a + a - i = 2, 2*i = a. Suppose a*x + d = 41, -2*x = -4*d + 2*d - 18. What are the prime factors of x?
2, 5
Suppose -305 = -5*b + 5*q, -6*b + q = -2*b - 250. List the prime factors of b.
3, 7
What are the prime factors of ((-27)/(-18))/(2*2/976)?
2, 3, 61
Let t be 36/1*(-12)/(-9). Suppose 3*v - 3*q = t, 0*q = 5*v + 5*q - 50. List the prime factors of v.
13
Let w = 4 - 2. Suppose -2*o = a + o + 5, 7 = -w*a - 5*o. Suppose -y = 3*y - a, -5*y = -x. List the prime factors of x.
5
Suppose 0 = -f - 3*f + 168. What are the prime factors of f?
2, 3, 7
Suppose -2*o + 91 = 5*r, 2*o + 70 = 4*r + 5*o. Suppose 58 = -4*k + 6. Let v = r + k. What are the prime factors of v?
2, 3
Suppose -3*y - 4 = j - 3*j, -22 = -y - 4*j. What are the prime factors of 8 + (1 - 1 - y)?
2, 3
Suppose 10 = -0*l + 5*l. Suppose 3*d + i = -2*d + 18, 2*i = -4*d + 12. Suppose -4*j = d*h + h, -2 = -3*h - l*j. List the prime factors of h.
2
Suppose -2*h + 1 + 3 = 0. Suppose -3*j + 51 = 3*a, 3*a + 75 = 3*j - h*a. What are the prime factors of j?
2, 5
Suppose -x - x = -i + 6, i = -3*x - 19. Let f = 3 - i. List the prime factors of f.
7
Let m be (-19)/(-2) + 5/(-10). Suppose m = -4*f + 65. List the prime factors of f.
2, 7
Suppose 16 = 4*o + 72. Let v = o - -36. What are the prime factors of v?
2, 11
Let y(w) = 7*w + 1. Let p be y(2). Let r = p - 7. List the prime factors of r.
2
Let s(m) = m**2 - 4*m + 3. Let y be s(4). What are the prime factors of 49 - (-3 - (y + -4))?
3, 17
Suppose 5*y + 2 = 3*v, 4*v + y - 10 - 31 = 0. What are the prime factors of v?
3
Suppose 0 = -4*j + h + 24, 0 = -5*h + 9 + 11. Let m = 3 - j. List the prime factors of m/(-24) - (-77)/6.
13
Let w(x) be the first derivative of 1 - 3/2*x**2 + 1/3*x**3 - 7*x. What are the prime factors of w(5)?
3
Let m(n) = n + 2. Let f = -4 + 6. Suppose f*t - 26 = -6. List the prime factors of m(t).
2, 3
Suppose 5*d + 3*k = 4*k - 148, -10 = 5*k. Let q = d - -48. What are the prime factors of q?
2, 3
Suppose -2*c - 10 = b - 4*c, -4*c + 20 = 0. What are the prime factors of b - (-1 + 4 - 36)?
3, 11
Let s(w) = 13*w - 1. Let a be s(4). Suppose 0 = 5*j - 2*j - a. What are the prime factors of j?
17
Suppose -2*d - 15 = -5*i + 